{"id":945,"date":"2023-04-22T14:18:45","date_gmt":"2023-04-22T10:18:45","guid":{"rendered":"https:\/\/karodbwa.com\/?page_id=945"},"modified":"2023-04-22T14:18:45","modified_gmt":"2023-04-22T10:18:45","slug":"sensibilisation-plaidoyer","status":"publish","type":"page","link":"https:\/\/karodbwa.com\/index.php\/sensibilisation-plaidoyer\/","title":{"rendered":"Sensibilisation &#038; Plaidoyer"},"content":{"rendered":"<p style=\"text-align: justify;\">L\u2019Association se mobilise et est pr\u00e9sente autant que possible sur les journ\u00e9es th\u00e9matiques et autres manifestations organis\u00e9es par les partenaires, afin de repr\u00e9senter et d\u00e9fendre les int\u00e9r\u00eats des agriculteurs adh\u00e9rents, et notamment les \u00e9leveurs de races locales, largement sous-repr\u00e9sent\u00e9s dans les discussions collectives.<\/p>\n","protected":false},"excerpt":{"rendered":"<p>L\u2019Association se mobilise et est pr\u00e9sente autant que possible sur les journ\u00e9es th\u00e9matiques et autres manifestations organis\u00e9es par les partenaires, afin de repr\u00e9senter et d\u00e9fendre les int\u00e9r\u00eats des agriculteurs adh\u00e9rents, et notamment les \u00e9leveurs de races locales, largement sous-repr\u00e9sent\u00e9s dans les discussions collectives.<\/p>\n","protected":false},"author":1,"featured_media":0,"parent":0,"menu_order":0,"comment_status":"closed","ping_status":"closed","template":"","meta":{"footnotes":""},"class_list":["post-945","page","type-page","status-publish","hentry"],"_links":{"self":[{"href":"https:\/\/karodbwa.com\/index.php\/wp-json\/wp\/v2\/pages\/945","targetHints":{"allow":["GET"]}}],"collection":[{"href":"https:\/\/karodbwa.com\/index.php\/wp-json\/wp\/v2\/pages"}],"about":[{"href":"https:\/\/karodbwa.com\/index.php\/wp-json\/wp\/v2\/types\/page"}],"author":[{"embeddable":true,"href":"https:\/\/karodbwa.com\/index.php\/wp-json\/wp\/v2\/users\/1"}],"replies":[{"embeddable":true,"href":"https:\/\/karodbwa.com\/index.php\/wp-json\/wp\/v2\/comments?post=945"}],"version-history":[{"count":1,"href":"https:\/\/karodbwa.com\/index.php\/wp-json\/wp\/v2\/pages\/945\/revisions"}],"predecessor-version":[{"id":946,"href":"https:\/\/karodbwa.com\/index.php\/wp-json\/wp\/v2\/pages\/945\/revisions\/946"}],"wp:attachment":[{"href":"https:\/\/karodbwa.com\/index.php\/wp-json\/wp\/v2\/media?parent=945"}],"curies":[{"name":"wp","href":"https:\/\/api.w.org\/{rel}","templated":true}]}}