{"id":947,"date":"2023-04-22T14:20:03","date_gmt":"2023-04-22T10:20:03","guid":{"rendered":"https:\/\/karodbwa.com\/?page_id=947"},"modified":"2023-04-22T14:20:03","modified_gmt":"2023-04-22T10:20:03","slug":"structuration-de-la-filiere-races-locales","status":"publish","type":"page","link":"https:\/\/karodbwa.com\/index.php\/structuration-de-la-filiere-races-locales\/","title":{"rendered":"Structuration de la fili\u00e8re Races Locales"},"content":{"rendered":"<p style=\"text-align: justify;\">Dans le but de contribuer \u00e0 la sauvegarde des races locales, l\u2019Association s\u2019investit dans la mise en place d\u2019une fili\u00e8re Races Locales, ces derni\u00e8res ayant \u00e9t\u00e9 marginalis\u00e9es ces derni\u00e8res d\u00e9cennies.<\/p>\n<p style=\"text-align: justify;\">En 2023, la priorit\u00e9 est le suivi de la mise en place de l\u2019aide Protection Races Menac\u00e9es sur fonds propres du D\u00e9partement.<\/p>\n","protected":false},"excerpt":{"rendered":"<p>Dans le but de contribuer \u00e0 la sauvegarde des races locales, l\u2019Association s\u2019investit dans la mise en place d\u2019une fili\u00e8re Races Locales, ces derni\u00e8res ayant \u00e9t\u00e9 marginalis\u00e9es ces derni\u00e8res d\u00e9cennies. En 2023, la priorit\u00e9 est le suivi de la mise en place de l\u2019aide Protection Races Menac\u00e9es sur fonds propres du D\u00e9partement.<\/p>\n","protected":false},"author":1,"featured_media":0,"parent":0,"menu_order":0,"comment_status":"closed","ping_status":"closed","template":"","meta":{"footnotes":""},"class_list":["post-947","page","type-page","status-publish","hentry"],"_links":{"self":[{"href":"https:\/\/karodbwa.com\/index.php\/wp-json\/wp\/v2\/pages\/947","targetHints":{"allow":["GET"]}}],"collection":[{"href":"https:\/\/karodbwa.com\/index.php\/wp-json\/wp\/v2\/pages"}],"about":[{"href":"https:\/\/karodbwa.com\/index.php\/wp-json\/wp\/v2\/types\/page"}],"author":[{"embeddable":true,"href":"https:\/\/karodbwa.com\/index.php\/wp-json\/wp\/v2\/users\/1"}],"replies":[{"embeddable":true,"href":"https:\/\/karodbwa.com\/index.php\/wp-json\/wp\/v2\/comments?post=947"}],"version-history":[{"count":1,"href":"https:\/\/karodbwa.com\/index.php\/wp-json\/wp\/v2\/pages\/947\/revisions"}],"predecessor-version":[{"id":948,"href":"https:\/\/karodbwa.com\/index.php\/wp-json\/wp\/v2\/pages\/947\/revisions\/948"}],"wp:attachment":[{"href":"https:\/\/karodbwa.com\/index.php\/wp-json\/wp\/v2\/media?parent=947"}],"curies":[{"name":"wp","href":"https:\/\/api.w.org\/{rel}","templated":true}]}}